2) to base 16
-1
What is 102001 (base 3) in base 8?
452
Convert -10 (base 3) to base 15.
-3
1111111 (base 2) to base 4
1333
What is -3 (base 12) in base 5?
-3
What is 4 (base 7) in base 2?
100
Convert -12 (base 8) to base 11.
-a
What is -232 (base 5) in base 10?
-67
Convert 99 (base 11) to base 12.
90
b (base 14) to base 2
1011
Convert -220 (base 3) to base 7.
-33
Convert -32 (base 5) to base 2.
-10001
Convert -111 (base 2) to base 7.
-10
Convert 0 (base 7) to base 16.
0
-11 (base 9) to base 13
-a
What is d4 (base 16) in base 7?
422
What is 244 (base 6) in base 14?
72
1041 (base 5) to base 13
b3
Convert 20 (base 5) to base 3.
101
What is -2c (base 14) in base 9?
-44
What is -1 (base 4) in base 2?
-1
What is -4 (base 11) in base 9?
-4
Convert -35 (base 13) to base 6.
-112
What is 8 (base 13) in base 10?
8
Convert -1111 (base 3) to base 10.
-40
What is 50 (base 14) in base 13?
55
5b (base 12) to base 6
155
Convert 64 (base 16) to base 12.
84
What is 2 (base 5) in base 3?
2
What is 6 (base 10) in base 4?
12
Convert 8 (base 16) to base 10.
8
Convert 20 (base 3) to base 2.
110
What is -101 (base 2) in base 13?
-5
-3 (base 11) to base 13
-3
What is 22 (base 4) in base 15?
a
What is c1 (base 16) in base 6?
521
-12 (base 3) to base 10
-5
-d (base 15) to base 2
-1101
Convert 3 (base 4) to base 14.
3
32 (base 15) to base 9
52
-4 (base 11) to base 12
-4
What is -4 (base 15) in base 8?
-4
Convert -a (base 13) to base 3.
-101
Convert 242 (base 9) to base 12.
148
Convert -2 (base 11) to base 16.
-2
Convert 1012 (base 3) to base 12.
28
-57 (base 11) to base 13
-4a
Convert 12 (base 13) to base 4.
33
What is 44 (base 9) in base 4?
220
8 (base 11) to base 5
13
What is -33 (base 12) in base 7?
-54
What is -16 (base 11) in base 13?
-14
What is 0 (base 16) in base 8?
0
Convert 3 (base 7) to base 11.
3
a3 (base 12) to base 4
1323
-16 (base 7) to base 9
-14
-10 (base 8) to base 13
-8
Convert -2 (base 5) to base 3.
-2
20 (base 10) to base 15
15
Convert 8 (base 14) to base 5.
13
-3 (base 6) to base 2
-11
3 (base 14) to base 2
11
Convert 65 (base 16) to base 6.
245
What is 77 (base 8) in base 3?
2100
What is 113 (base 6) in base 11?
41
What is 2 (base 14) in base 6?
2
1 (base 8) to base 13
1
12 (base 6) to base 10
8
Convert -12 (base 14) to base 8.
-20
-196 (base 14) to base 12
-234
What is 205 (base 10) in base 16?
cd
2 (base 9) to base 13
2
Convert 10 (base 4) to base 3.
11
What is 41 (base 8) in base 5?
113
Convert 93 (base 11) to base 2.
1100110
What is a1 (base 12) in base 10?
121
12 (base 11) to base 9
14
Convert -111101 (base 2) to base 11.
-56
Convert 11101 (base 2) to base 12.
25
Convert -124 (base 6) to base 16.
-34
What is 124 (base 6) in base 14?
3a
Convert -2010 (base 4) to base 6.
-340
Convert 5 (base 14) to base 11.
5
Convert 112 (base 3) to base 14.
10
Convert -1 (base 9) to base 13.
-1
What is 2 (base 8) in base 15?
2
-3 (base 5) to base 15
-3
Convert -10 (base 6) to base 8.
-6
Convert 2 (base 10) to base 8.
2
Convert 264 (base 7) to base 10.
144
What is -110 (base 5) in base 2?
-11110
-1 (base 8) to base 15
-1
-3 (base 11) to base 13
-3
-5 (base 15) to base 16
-5
Convert -2 (base 14) to base 13.
-2
-3 (base 8) to base 12
-3
-19 (base 11) to base 7
-26
5 (base 14) to base 4
11
211 (base 9) to base 4
2230
Convert b (base 16) to base 12.
b
Convert -3 (base 5) to base 11.
-3
-7 (base 10) to base 15
-7
Convert 5 (base 10) to base 2.
101
What is -3 (base 8) in base 14?
-3
Convert 1 (base 9) to base 10.
1
3 (base 15) to base 7
3
-6 (base 9) to base 16
-6
3 (base 6) to base 8
3
6 (base 12) to base 9
6
8 (base 16) to base 9
8
1110101 (base 2) to base 8
165
What is -141 (base 5) in base 14?
-34
What is 2 (base 8) in base 13?
2
Convert 222 (base 5) to base 13.
4a
Convert -a (base 16) to base 14.
-a
What is -15 (base 6) in base 4?
-23
Convert d7 (base 14) to base 8.
275
3 (base 7) to base 16
3
-48 (base 15) to base 8
-104
-30 (base 12) to base 9
-40
What is 4 (base 9) in base 5?
4
-42 (base 15) to base 5
-222
What is -12 (base 3) in base 15?
-5
Convert -1 (base 7) to base 11.
-1
-2 (base 15) to base 8
-2
What is 67 (base 16) in base 4?
1213
Convert -37 (base 8) to base 14.
-23
11 (base 5) to base 3
20
4 (base 10) to base 9
4
19 (base 13) to base 14
18
What is -202 (base 4) in base 13?
-28
What is -1 (base 2) in base 9?
-1
What is -1 (base 6) in base 4?
-1
What is 9 (base 13) in base 10?
9
What is -68 (base 16) in base 11?
-95
46 (base 13) to base 12
4a
What is 3 (base 5) in base 10?
3
-234 (base 6) to base 4
-1132
0 (base 7) to base 12
0
What is 7 (base 12) in base 5?
12
Convert 32 (base 7) to base 12.
1b
Convert 331 (base 4) to base 7.
115
What is -11 (base 5) in base 13?
-6
Convert 441 (base 5) to base 16.
79
Convert -6 (base 12) to base 8.
-6
What is 0 (base 9) in base 8?
0
What is 0 (base 6) in base 12?
0
0 (base 5) to base 3
0
Convert 28 (base 13) to base 2.
100010
2303 (base 5) to base 16
148
-1 (base 7) to base 11
-1
-1003 (base 7) to base 12
-24a
What is -1 (base 9) in base 4?
-1
What is 60 (base 9) in base 14?
3c
Convert -5 (base 12) to base 9.
-5
What is -111000 (base 2) in base 4?
-320
What is 21 (base 13) in base 2?
11011
0 (base 16) to base 2
0
Convert 3 (base 9) to base 10.
3
What is 0 (base 2) in base 12?
0
What is -e (base 16) in base 2?
-1110
1b (base 13) to base 14
1a
What is -3 (base 12) in base 6?
-3
-126 (base 7) to base 14
-4d
Convert 12 (base 4) to base 5.
11
-34 (base 16) to base 11
-48
0 (base 5) to base 14
0
4 (base 9) to base 2
100
What is -13 (base 6) in base 10?
-9
Convert -233 (base 6) to base 15.
-63
1 (base 4) to base 12
1
Convert 4 (base 14) to base 5.
4
-1 (base 13) to base 12
-1
13 (base 7) to base 6
14
What is 10 (base 9) in base 4?
21
Convert -4 (base 10) to base 11.
-4
Convert 10 (base 2) to base 15.
2
Convert -18 (base 14) to base 16.
-16
-1d (base 15) to base 13
-22
Convert -111 (base 3) to base 13.
-10
Convert -11 (base 2) to base 16.
-3
What is -4d (base 15) in base 13?
-58
What is 12 (base 7) in base 8?
11
What is 277 (base 10) in base 5?
2102
Convert -2 (base 3) to base 13.
-2
5 (base 8) to base 4
11
What is 2 (base 4) in base 5?
2
What is 5 (base 9) in base 12?
5
What is -12 (base 12) in base 3?
-112
Convert 29 (base 10) to base 15.
1e
What is 55 (base 8) in base 13?
36
What is 6 (base 16) in base 11?
6
b (base 14) to base 6
15
61 (base 7) to base 8
53
What is 3 (base 15) in base 5?
3
1 (base 7) to base 15
1
Convert -28 (base 13) to base 9.
-37
Convert -34 (base 12) to base 2.
-101000
What is -11 (base 4) in base 5?
-10
Convert 341 (base 5) to base 4.
1200
What is 3 (base 13) in base 6?
3
-6 (base 7) to base 2
-110
-1 (base 6) to base 3
-1
Convert 0 (base 13) to base 12.
0
b (base 16) to base 3
102
What is 63 (base 13) in base 5?
311
What is 25 (base 7) in base 13?
16
Convert 52 (base 13) to base 4.
1003
Convert 52 (base 7) to base 14.
29
Convert 11 (base 15) to base 6.
24
What is -14 (base 11) in base 8?
-17
What is 3 (base 11) in base 7?
3
What is 107 (base 13) in base 15?
bb
2 (base 11) to base 3
2
Convert -36 (base 11) to base 10.
-39
What is -21 (base 3) in base 13?
-7
38 (base 13) to base 16
2f
What is -116 (base 7) in base 4?
-332
2 (base 11) to base 15
2
-27 (base 8) to base 6
-35
241 (base 9) to base 11
171
What is -4 (base 5) in base 8?
-4
Convert -7 (base 9) to base 15.
-7
What is 103 (base 4) in base 16?
13
What is 5 (base 8) in base 16?
5
What is -1 (base 2) in base 11?
-1
-65 (base 10) to base 14
-49
Convert 2a (base 14) to base 3.
1102
-231 (base 6) to base 4
-1123
Convert -10 (base 4) to base 6.
-4
What is 2 (base 12) in base 5?
2
What is -6 (base 14) in base 9?
-6
What is 254 (base 6) in base 9?
127
-3 (base 11) to base 16
-3
What is -14 (base 14) in base 4?
-102
15 (base 7) to base 11
11
What is -6 (base 10) in base 5?
-11
Convert -13 (base 13) to base 15.
-11
What is -2 (base 3) in base 8?
-2
110101 (base 2) to base 15
38
What is 23 (base 13) in base 5?
104
101001 (base 2) to base 11
38
What is 1 (base 4) in base 9?
1
What is 52 (base 10) in base 12?
44
1 (base 8) to base 12
1
What is 2301 (base 4) in base 2?
10110001
Convert 29 (base 13) to base 7.
50
354 (base 8) to base 6
1032
-16 (base 14) to base 15
-15
Convert -3 (base 14) to base 9.
-3
0 (base 14) to base 6
0
-4 (base 15) to base 5
-4
Con